uppose 5*q - 6 = 2*q. Let u = q - -6. Suppose 14*b - 1 = 13*b. What is the highest common factor of u and b?
1
Let s be (2 + (-20)/8)/((-4)/320). Calculate the greatest common factor of 205 and s.
5
Suppose -z = 3*d - 0*z - 6, 5*z + 27 = 4*d. Let x be (12 - 2)/(d/21). Calculate the highest common factor of x and 10.
10
Let h be (-70)/42 + 5/3. Suppose h = -8*d + 74 - 2. What is the highest common factor of d and 36?
9
Suppose 42*v = 68*v - 5850. What is the greatest common factor of 99 and v?
9
Let a(n) = -n + 9 - 6 + 1. Let f be a(-5). Let x be (90/35)/(f/42). Calculate the highest common factor of 48 and x.
12
Suppose -17*h + 21*h + 280 = 5*x, 0 = -4*x + h + 235. Calculate the greatest common divisor of 40 and x.
20
Suppose -2*k + 18 - 6 = 0. Suppose k*o - 7 = 5*o. Let q be o/(-42) + (-37)/(-6). What is the greatest common divisor of q and 12?
6
Suppose -2*u + 3*q = -12, -5*u + 5*q = -2 - 18. Suppose 4*f - 5*b - 105 = -u*f, 5*f - b - 105 = 0. Calculate the greatest common divisor of f and 50.
10
Let o = -3 + 21. Suppose 4*g = 3*z - 21, 5*g - o = -4*z + 7*g. Suppose -4*l - 20 = 0, -z*k = -4*l - 0*l - 56. Calculate the highest common divisor of k and 108.
12
Suppose 3*v - r = 8*v - 737, 0 = -3*v + 2*r + 437. Calculate the highest common factor of v and 63.
21
Let r(s) = -s**2 + 9*s + 8. Let t(h) = h**2 - 5*h + 5. Let u be t(5). Let w = 12 - u. Let y be r(w). What is the greatest common factor of 88 and y?
22
Let g(p) = 6*p**2 + 77*p + 7. Let z be g(-14). Calculate the highest common factor of 165 and z.
15
Suppose -4*s - 1 = 3, 2*a = -2*s + 4. Suppose 164 = 5*v + a*l + 42, -4*v - 3*l = -100. Calculate the greatest common factor of v and 33.
11
Suppose 4*n + 100 = 6*n. Let l = 1847 - 1647. Calculate the greatest common factor of n and l.
50
Let m(t) = -10*t - 14. Suppose -11*d + 6 = -12*d. Let l be m(d). Let v = l + -26. What is the highest common factor of v and 60?
20
Let q = -275 - -299. Calculate the highest common factor of 60 and q.
12
Let w(a) = a**3 + 2*a + 135. Let g be w(0). Calculate the highest common factor of 15 and g.
15
Let a = -1016 - -1036. What is the highest common factor of 15 and a?
5
Let u = -405 - -776. Suppose -u = -5*g + 189. What is the greatest common factor of 16 and g?
16
Suppose -2*j + b = 3*b - 10, b - 1 = j. Suppose -34 - j = -4*g. Let h be (20/(-6))/((-6)/g). What is the greatest common factor of h and 45?
5
Let i(t) = 2*t - 2. Let l be i(-3). Let r be 3/(1 - (-2)/l). Suppose 0 = -2*a - 3*a - r*y + 70, a + 4*y = 14. What is the greatest common factor of 2 and a?
2
Suppose -6*z = -243 - 429. Calculate the greatest common factor of 21 and z.
7
Let h = 41 + -29. Suppose 2*f + h = 5*f. Suppose -n = n - f*m, 0 = n + m - 6. Calculate the highest common divisor of 2 and n.
2
Suppose -25*s = 6848 - 24673. Calculate the greatest common factor of s and 31.
31
Suppose -4*q = -16, 0*v - 3*q + 16 = -2*v. Let s be (14/(-35)*-40)/(v/(-7)). What is the greatest common divisor of s and 7?
7
Let y = 35 - 24. Suppose 0*c + 3*c = 30. Suppose 0 = -5*a + 45 + c. Calculate the highest common divisor of a and y.
11
Suppose 4 = -2*c - 4*i - 0, 0 = -3*c - i + 9. Suppose -7*a + c*a = -408. What is the greatest common divisor of 17 and a?
17
Suppose -x = 4*m - 8, -5*x - 2*m = -15 - 61. Let q be (0 - 3/(-2)) + (-1050)/(-100). Let c = x - q. What is the greatest common divisor of 6 and c?
2
Let t(o) = 35*o + 4. Let g(p) = -p**2 + 36*p + 4. Let u(d) = -3*g(d) + 4*t(d). Let r be u(-11). Calculate the highest common divisor of r and 150.
15
Let d be ((-48)/120)/(2/(-40)). Suppose 0 = -27*y + 23*y + 16. What is the highest common divisor of d and y?
4
Let n = 41 - 39. Suppose -4*m - 74 = -n*k, 8*m - 3*m = 0. Calculate the greatest common divisor of 185 and k.
37
Let f = -3 + 3. Let j be (-2 - f)*(-63)/14. Calculate the greatest common factor of j and 1.
1
Suppose -4 = 16*v - 14*v - 5*l, -2*l = -3*v + 16. Calculate the highest common divisor of 1048 and v.
8
Let y(u) = -2*u**2 - 12*u + 200. Let h be y(-13). Let a be 0/2 + 126/2. What is the highest common divisor of a and h?
9
Let c be 117/(-312) + (-1243)/(-8). What is the greatest common factor of 31 and c?
31
Let t(r) = -9*r + 404. Let p be t(-10). Calculate the highest common divisor of 65 and p.
13
Let g(l) = 30*l**3 + l**2 - 4*l + 7. Let x be g(2). Let d = x + -111. What is the greatest common divisor of d and 12?
12
Let r = -27 + 19. Suppose 3*b + 42 + 54 = 0. Let x = r - b. Calculate the highest common factor of x and 6.
6
Let x = 14 + -11. Suppose 0 = 6*i - i + 4*q + 180, 0 = -x*q. Let t = 84 + i. What is the highest common divisor of 32 and t?
16
Suppose -291*o + 3*u + 1509 = -286*o, 3*o - 5*u - 899 = 0. What is the highest common factor of o and 707?
101
Suppose 2*o - 36 = o. Let d = -65 + 26. Let j = d - -63. Calculate the highest common factor of o and j.
12
Suppose 3*n - 52 = 2*n. Let p be (2 + (-16)/6)*-18. Let t be 0 + p + 0 + 1. What is the greatest common factor of n and t?
13
Let f be (4 + -23)/(2/(-2)) - 4. Calculate the highest common divisor of 60 and f.
15
Suppose q = -0*q + 16. Let i(n) = 0 - 2*n + 2*n**2 - 3 - 5 + 8*n. Let y be i(-7). Calculate the greatest common factor of y and q.
16
Let z(v) = 8*v + 2. Let k be z(2). Let f be (9/3)/1*(17 - -13). Calculate the greatest common factor of k and f.
18
Let c = 145 - 125. Let v be 37/2 + 15/10. What is the highest common divisor of v and c?
20
Let m = -24 - -26. Suppose -q - m*q = -63. Calculate the highest common divisor of 21 and q.
21
Let s(a) = -a**3 - 3*a**2 - a + 4. Let u be s(-3). Let h = -26 - 26. Let m be (0 + (h - -3))/(-1). Calculate the highest common factor of m and u.
7
Let s = 98 - 95. Suppose -62 = -3*y - 4*l, -s*y - 2*l + 44 = -7*l. Suppose 5*j - 161 = -4*b - 10, 43 = j + 4*b. What is the highest common divisor of j and y?
9
Let o = -15 - -28. Suppose 8*d - 21 - 19 = 0. Suppose 0*k + k = 2*m - 56, d*m - 5*k - 150 = 0. What is the highest common divisor of o and m?
13
Suppose 3 = 133*x - 136*x - 3*v, 5*v + 25 = 0. What is the highest common factor of 120 and x?
4
Let w(q) = q**2 - 9*q - 16. Let h be w(11). Let i = 5 - 2. Let m be (-474)/(-10) + i/5. Calculate the highest common divisor of m and h.
6
Let y = 56 + -56. Suppose 3*b - 4*i - 61 = 0, 4*b - 56 = -y*b - i. Calculate the highest common factor of b and 120.
15
Let p = -41 - -47. Suppose y + 4*w - 3 = 0, -w - 5 + 2 = 0. What is the greatest common divisor of y and p?
3
Suppose -v = -6 + 24. Let z be v/(-21)*(-1 - -8). Let s be ((-2)/z + 1)*24. Calculate the highest common factor of s and 40.
8
Let z(f) = -92*f**3 + 3*f - 2. Let p be z(1). Let i = p + 121. Calculate the highest common divisor of i and 5.
5
Let a = -535 - -945. Calculate the highest common factor of 328 and a.
82
Let s(z) = -8*z + 48. Let y be s(-38). What is the greatest common factor of 32 and y?
32
Suppose 11*n - 17*n = -2178. What is the greatest common factor of n and 33?
33
Suppose 97 + 119 = 3*c. Suppose 5*i - 4*p - 107 = -1, -4*i = -4*p - 88. What is the greatest common factor of c and i?
18
Let a be (-856)/40*-5 - -5. What is the highest common factor of 48 and a?
16
Suppose 5*g - 273 - 420 = -d, 0 = -4*g + 3*d + 543. Calculate the greatest common divisor of 6 and g.
6
Suppose 0 = -r - 3*n + 14, 5*r + 1 = n + 23. Let p = 40 - -15. What is the greatest common factor of r and p?
5
Let f = -21 + 24. Let w be (f - (-39)/(-15))*100. What is the greatest common divisor of 100 and w?
20
Suppose -c = q - 27, -21*q + 26*q - 2*c = 142. Calculate the greatest common divisor of 42 and q.
14
Let b(w) = 25*w - 3. Let c be b(2). Let j be -4 - -2 - c*-1. Let x be (2/(20/2))/((-87)/(-435)) - -8. Calculate the highest common divisor of j and x.
9
Let r be 9*(-10)/(-15) - -14. What is the greatest common divisor of r and 4?
4
Suppose 179 = -2*p - s, 5*s - 262 = -9*p + 12*p. Let d = 95 + p. Calculate the highest common divisor of d and 3.
3
Let a be (-49 + 48)/(1*1/(-9)). What is the greatest common divisor of 63 and a?
9
Let l = -21 - -65. Suppose -b + 19 = -l. What is the greatest common factor of 7 and b?
7
Let a(q) = q**3 - 7*q**2 + 4*q - 3. Let m be a(7). Let r = 37 - m. Calculate the highest common divisor of r and 108.
12
Let z(y) = -y + 155. Let l be z(19). Let i(k) = 3*k**3 - k**2 - 3*